s the tens digit of w?
1
Suppose 4*k + 2 = -14. Let v = -4 - k. Suppose -4*t + 5*t - 4*p - 14 = v, 4*t - 4*p - 20 = 0. What is the units digit of t?
2
Let k(v) = -5*v. Let c(t) = 6*t - 1. Let s(m) = 3*c(m) + 4*k(m). Let l(o) = 3*o + 3. Let y be l(-3). What is the units digit of s(y)?
9
Suppose -3*l = 3*u - 6*l - 192, 2*l - 334 = -5*u. What is the tens digit of u?
6
Let h(n) = -n**3 - 4*n**2 - n + 1. Let g be h(-4). Let z = 17 - g. What is the tens digit of z?
1
Let w(m) = m**2 + 6*m - 18. What is the tens digit of w(4)?
2
Let f = 585 + -371. What is the tens digit of f?
1
Suppose -5*i = -24 - 36. Suppose 5*x = -2*c + 1, -2*x - 2 + i = -4*c. Suppose -2*h + 7 = x. What is the units digit of h?
3
Let h = -13 + 13. Suppose -2*j + 4*d + 40 = h, d + 160 = 5*j + 3*d. What is the units digit of j?
0
Let h(z) = -z**2 - 11*z - 8. Let l be h(-8). Let f = -10 + l. Suppose 0 = -f*c + c + 30. What is the units digit of c?
6
What is the units digit of 6/3*27/(-12)*-34?
3
Let t(d) = d - 7. What is the units digit of t(10)?
3
Let u = -13 - -21. Let q(s) = s**3 - 8*s**2 + 4*s - 11. What is the tens digit of q(u)?
2
Suppose -2*r + 5*r = 432. What is the units digit of r?
4
What is the units digit of 6 + -7 - (1 + -5)?
3
Let g be (6 + -2)*2/(-4). Let z(f) = 6*f**2 - 11*f - 6. Let c(d) = 2*d**2 - 4*d - 2. Let i(p) = -11*c(p) + 4*z(p). What is the units digit of i(g)?
6
Suppose 2*d + 8 = 0, 2*f - 4*f = 4*d - 248. What is the tens digit of f?
3
Let g = 138 - 97. Suppose 14 = -m + g. What is the units digit of m?
7
Let k(z) = -z**2 + 1. Let q be (2 + -2)*2/4. Let c be k(q). What is the tens digit of (4/c - 3)*22?
2
Suppose 38 = 7*f + 10. What is the units digit of f?
4
What is the units digit of 4/14 - 430/(-14)?
1
Suppose -2*s - 6 = -12. Suppose -s*w + 43 = -44. What is the tens digit of w?
2
Let m be (52/(-16))/(2/(-8)). Suppose -3*o = t + 1 + 22, 5*t + m = 2*o. Let n(a) = -3*a - 8. What is the units digit of n(o)?
0
Let r(g) = g**3 + 4*g**2 - 4*g + 5. Let p be r(-5). What is the units digit of 14 + p + 0 + -2?
2
Let r(w) be the first derivative of w**4/4 - 4*w**3/3 + w**2 + 3*w - 3. Let p be r(3). Suppose p*i + 3*i = 3. What is the units digit of i?
1
Suppose -3*w - w = 4*q - 40, -2*q + 4*w = 10. Let r be (3/(-5))/((-1)/q). Suppose -r*j + 11 = d - 3, -j + 3*d = 2. What is the units digit of j?
4
Let z = 6 + -3. Suppose -7*v + z*v + 80 = 0. What is the units digit of v?
0
Let d(x) be the second derivative of 0 + 3*x**2 + 0*x**3 + 5/12*x**4 + 1/20*x**5 + 2*x. What is the units digit of d(-5)?
6
Let f(q) be the third derivative of q**4/12 + q**3/3 - 3*q**2. Let l(h) = -h - 1. Let n(b) = 2*f(b) + 2*l(b). What is the tens digit of n(4)?
1
Let n(q) = -2*q**3 + 6*q**2 - 4*q - 1. Let c be n(3). Let g be (3/2)/((-6)/(-8)). What is the units digit of (-4)/2*c/g?
3
Suppose -5*u + 108 = -u. Suppose 2*q + q + 2*c - u = 0, 2*c = q - 17. Suppose h - 3*g - 22 = 0, 0 = 4*h - 5*g - 49 - q. What is the units digit of h?
0
Let v(o) = o**2 + 2*o - 5. Let b be v(-7). Let j = -1 + 3. Suppose -z = j*z - b. What is the tens digit of z?
1
Suppose -4*l - 4*k - 28 = -0*k, 4*l + 55 = 5*k. Let r be (-3)/(-6) + l/4. What is the units digit of 1/(-2*1/r)?
1
Let a(j) = j**3 - 7*j**2 + 7*j - 9. Let p be a(6). Let g be 7*2*p/(-6). Let t = g - 6. What is the units digit of t?
1
Suppose 13 - 1 = 3*h. Let u = h + -2. Suppose u*r - 52 = -4*j + 4*r, 3*j + r - 29 = 0. What is the tens digit of j?
1
Let j = -4 + 8. Let k be ((-2)/j)/(5/(-240)). Suppose 4*y + k = 2*f, 5*y + 26 + 8 = 3*f. What is the units digit of f?
8
Suppose h - 48 = -2*h. What is the tens digit of h?
1
Suppose -z - 4*k + 73 = 0, 0 = 2*z + 5*k + 52 - 186. What is the units digit of z?
7
Suppose -5*j = 20, -2*j = 3*p - 3*j - 607. What is the hundreds digit of p?
2
Let z = -91 + 132. Let s = z + -22. What is the tens digit of s?
1
Let r be (39/(-9) + 1)*-3. Suppose -z + r = -3*z + 3*x, -2*z = 4*x - 18. Let o = 3 + z. What is the units digit of o?
4
Let b be 30/4*16/8. What is the tens digit of 15*(3 + (-33)/b)?
1
Suppose h - 4*h = -90. What is the units digit of h?
0
What is the units digit of 4/(-1) - (-62 + -11)?
9
Let g = -11 + 48. What is the tens digit of g?
3
Let q be 47/(-3) + (-1)/3. Let x(t) = -t**2 - 7. Let m be x(0). Let r = m - q. What is the units digit of r?
9
Let w(j) = -j**3 + j**2 + 4. Let h be w(0). Suppose 6 = 3*u - 2*r, h*r - 3 = 5*r. Suppose u = -2*i - 0*i + 32. What is the units digit of i?
6
Let h = -5 - -1. Let m = h - 4. What is the tens digit of 21/2 - (-4)/m?
1
Let m(n) = 283*n**2 - 4*n - 5. What is the hundreds digit of m(-1)?
2
Let z(g) = 88*g + 56. What is the units digit of z(4)?
8
Suppose 0 = 5*r - 3*r - 12. Suppose -p = p - r. Suppose 2*c + 1 - 57 = -4*j, p*c + 5*j = 80. What is the tens digit of c?
2
Let x = -17 - -32. What is the units digit of x + (0/(-2))/1?
5
Let q = 19 - -20. Suppose -5*r + 6 = -p + 23, 2*p = 5*r + q. What is the tens digit of p?
2
Suppose -5*f + 199 = m + 2*m, -2*m = -2*f + 86. What is the tens digit of f?
4
Let y = -21 + 113. What is the units digit of y?
2
What is the units digit of (-4)/1 - (0 - 139)?
5
Let d = -18 + 22. Suppose -d*x = -x - 150. What is the units digit of x?
0
Suppose -4*q + 10 = -2*i, 3*i + 2*i + 43 = q. Let f(c) = -c + 13. Let o be f(i). Suppose -3*x + o = -x. What is the units digit of x?
1
Let a(i) = i. Let t be a(1). Let y = 0 + t. What is the units digit of y?
1
What is the units digit of (25/(-20))/((-2)/40)?
5
Let t(w) = -w**3 - 2*w**2 - w. Let n be t(-1). What is the units digit of ((-4)/3 + n)*-9?
2
Let g = -14 - -29. What is the tens digit of g?
1
Let a = -47 - -52. What is the units digit of a?
5
Suppose l - 2*l + 13 = -5*v, -5*l + 2*v = -19. Let b be 4/l + 6/9. Suppose 2*y + 3*h = -2*h + 21, b*y - 4*h = -6. What is the units digit of y?
3
Let n(a) = -a**3 - a**2 - a + 79. What is the tens digit of n(0)?
7
Let i = -84 + 150. Let g = -21 + i. Suppose 0*l - g = -5*l. What is the units digit of l?
9
Suppose -4 = 4*i, -4*y = -4*i - 127 + 43. Suppose 0 = -5*a + y + 60. What is the tens digit of a?
1
Suppose 0*t - 360 = -5*t. What is the tens digit of t?
7
Suppose 5*w = 2*p - 50 - 125, p - 80 = w. What is the tens digit of p?
7
Suppose -3*v + 93 = -4*s, -4*s + 6*s + 134 = 4*v. What is the tens digit of v?
3
Suppose t - 83 = -0*t. Suppose 4*a = t + 73. What is the units digit of a?
9
Let m = 12 + 0. Let q be 10/((m/3)/2). Suppose q*j - 30 = 2*j. What is the units digit of j?
0
Let j be ((-1)/(-2))/(1/8). Suppose 9 = h + q - 4, j*q - 44 = -3*h. What is the units digit of h?
8
Let k = 9 - 18. Let i = -3 + k. What is the units digit of (i/14)/((-1)/7)?
6
Suppose -12 = 3*u, 7*u + 22 = q + 4*u. Suppose -q = -3*s - 2*h, -2 = -s - 3*h + 6. What is the units digit of s?
2
What is the units digit of 1910/20*((-6)/(-2) - 1)?
1
Let y = 19 + -8. What is the units digit of y?
1
What is the tens digit of (46/(-5))/(14/(-35))?
2
Suppose 0 = 2*u - 170 - 276. What is the tens digit of u?
2
Suppose 2*k - 25 = -f, -2*f - 2*k + 65 = -k. What is the units digit of f?
5
Let l(j) = j**3 + j - 1. Suppose -3*g = m - 11, -2*g - 25 = 5*m - 7*g. Let i be m + 0/(-3) + 2. What is the units digit of l(i)?
1
Suppose 0 = 3*r - 5*g - 21, -2*r + g + 9 = r. Suppose 0 = y - r*d - 25, 3*d - 7*d + 19 = y. What is the tens digit of y?
2
Suppose -4*o + 54 = 2*o. Suppose -5*v - d = -94, -5*d + 4 - 2 = -v. Let y = v - o. What is the units digit of y?
9
Let u(i) = 34*i - 19. What is the units digit of u(5)?
1
Let u = -3 + 6. Let q(h) = -2*h**3 + 3*h**u + 4*h**2 + 2 - 1. What is the units digit of q(-4)?
1
Suppose u + 2 = 2*u. What is the units digit of -3*1 + (u - -5)?
4
Suppose 4*z + 3 = -29. Let n(g) = -9*g + 15. Let x(b) = 5*b - 8. Let q(a) = 3*n(a) + 5*x(a). What is the tens digit of q(z)?
2
Let z(h) = h**2 - 9*h + 10. Let j(b) = 11*b**3 - b**2. Let f be j(1). What is the tens digit of z(f)?
2
Let i be -1 - 11/((-44)/576). Suppose -i = -5*q + 17. What is the units digit of q?
2
Let l(t) = 9*t. Let v be l(2). Suppose 2*y = 5*y - v. What is the units digit of y?
6
Let j be 10/(-3)*54/(-15). Let n = -5 + j. What is the units digit of n?
7
What is the tens digit of 2297/11 - (-2 - (-140)/77)?
0
Suppose 27 = 2*f - k, -27 + 1 = -f + 3*k. Let h = f - 7. Suppose -h = -0*z - z. What is the units digit 